-30).
5, 11
Let o(b) be the first derivative of 73*b**2 - 4*b - 38. What are the prime factors of o(6)?
2, 109
Let f(d) be the second derivative of d**6/180 - d**5/60 + 3*d**4/4 + 12*d. Let q(l) be the third derivative of f(l). List the prime factors of q(14).
2, 3
Suppose 0 = -y + 3*y + a + 18, -5*y - 45 = -2*a. List the prime factors of (0 + -57)/(-3)*(y + 20).
11, 19
Let k be 7*(-45120)/56*(-1)/4. Let p = -94 + k. What are the prime factors of p?
2, 7, 47
Let d(v) = -69 - 75*v + 5 - 5*v - 24*v**2 + 26*v**2. List the prime factors of d(43).
2, 97
Let d(t) = t**2 + 3*t. Let o(w) = -7*w**3 + w**2 + w + 1. Let r be o(-1). Suppose -48 = -r*x + 16. List the prime factors of d(x).
2, 11
Let g be 156/2*(25/3 - 8). Let o = 154 + g. What are the prime factors of o?
2, 3, 5
Suppose 3*f = 3*a + 12516, -2*f - 5*a - 8344 = -4*f. What are the prime factors of f?
2, 7, 149
Let f = 22 - 20. Suppose -p = -x - 53, p = 2*p + f*x - 50. Let h = p - -8. List the prime factors of h.
2, 3, 5
Let k(z) = -2 - 4*z + 3*z - 4*z + z + 111*z**2. Let u(n) = -16*n + 303. Let o be u(19). List the prime factors of k(o).
113
Let t(w) = 549*w**2 + 64*w - 1022. What are the prime factors of t(13)?
53, 1747
Let b(f) = f**2 + 13*f + 37. Let t be b(-16). Let w = t + -135. Let m = 104 - w. What are the prime factors of m?
2, 7, 11
Suppose 0 = -13*f + 489562 + 129377 - 172181. What are the prime factors of f?
2, 17183
Let t = 18041 - -19899. Suppose 9*o + t = 37*o. List the prime factors of o.
5, 271
Suppose h + 371 = -5*f - 633, 2*h = -3*f - 601. Let g = 153 - f. Suppose -5*p = -v - 590, 0*p + 2*v + g = 3*p. What are the prime factors of p?
2, 59
Let k(l) = l**3 - l**2 - 3*l + 5. Let m(b) = -1. Let c(o) = k(o) + 4*m(o). Let s be (-19)/(-4) - 1/(-4). What are the prime factors of c(s)?
2, 43
Let z = -287 + 286. Let n(o) = -545*o - 10. List the prime factors of n(z).
5, 107
Let c(m) = m**2 - 9*m + 5. Let d be c(8). What are the prime factors of 3118/14 + (-138)/(-42) + d?
223
Let m(l) = 41*l**3 - 2*l**2 - 4*l - 2. Let h be m(-1). Let c = 220 + h. Let j = -80 + c. What are the prime factors of j?
3, 11
Let a(f) = 19*f**2 + f - 1. Let v be a(1). Suppose v*d + 321 = 9441. List the prime factors of d.
2, 3, 5
Suppose 0 = -11*c + 195 + 36. Suppose 14*k = c*k - 2800. What are the prime factors of k?
2, 5
Suppose 145*m = -1289985 + 5009289 + 6003091. List the prime factors of m.
19, 3529
Let z(f) = f**2 + 8*f + 3487. What are the prime factors of z(0)?
11, 317
Let r(z) be the third derivative of -25*z**4/3 + z**2 - 38. What are the prime factors of r(-2)?
2, 5
What are the prime factors of 1/2 + (168/(-448))/(3/(-53308))?
2, 7, 17
Let s(y) = y**3 + y**2. Let b be s(0). Let o(g) = 6*g + 2. Let h be o(b). Suppose h*n = -6 + 20. What are the prime factors of n?
7
Suppose -13124 = -4*j - 4*a, -j = 4*j + 2*a - 16387. What are the prime factors of j?
5, 131
Suppose -16*u - 1640 = -11*u. Let t = -180 - u. List the prime factors of t.
2, 37
Let o(m) = -507*m + 5. Let q be o(-3). Suppose -2*t - c - 3*c = -q, -4*t + 5*c + 3052 = 0. List the prime factors of t.
7, 109
Let y(u) = -u**3 + 7*u**2 - 11*u - 1. Let p be y(4). Suppose p*k + 2*q + 16 = 0, 0*k - 4*k + 3*q - 27 = 0. Let i = 8 + k. List the prime factors of i.
2
Let t(o) = 3*o**2 + 12*o + 18. Let y(s) = 16*s + 119. Let a be y(-9). What are the prime factors of t(a)?
3, 59
Suppose 1972*v = 1964*v + 34416. List the prime factors of v.
2, 3, 239
Suppose -2*t - s + 23589 = -32098, -5*t - 2*s = -139219. What are the prime factors of t?
5, 5569
Suppose -16 - 22 = 2*o. Let b = -14 - o. Suppose 3*u = 2*j - 152 + 21, 0 = -b*j + 2*u + 333. What are the prime factors of j?
67
Let h(z) = 11934*z**2 + 25*z - 11. List the prime factors of h(1).
2, 29, 103
Let v(z) = z**2 - 10*z + 16. Let u be v(8). Suppose u = -4*q - 8*q + 252. Let a = 80 - q. What are the prime factors of a?
59
Let y(f) = -171*f**3 - 8*f**2 - 4*f + 10. What are the prime factors of y(-5)?
5, 4241
Suppose 60 = 183*q - 179*q. Let x = q - -25. What are the prime factors of x?
2, 5
List the prime factors of 20 - (14 + -6) - -6165.
3, 29, 71
Suppose v - 3*i = -1 + 3, -4*v - 3*i = -8. Suppose -4*m + 3*j - 2*j = -420, 408 = 4*m + v*j. List the prime factors of m.
2, 13
Let k(x) = 674*x**2 + 32*x + 7. List the prime factors of k(4).
61, 179
Let y(a) = -a**3 + 43*a**2 - 41*a + 232. What are the prime factors of y(39)?
53, 89
Let y(l) = -7*l - 3. Let g(r) = r + 1. Let s(p) = -3*g(p) - y(p). Let z be s(-4). Let o(x) = x**3 + 17*x**2 + 14*x - 14. What are the prime factors of o(z)?
2, 3
Let h(m) = -m**2 + 7*m + 82. Let i be h(-6). Suppose 1551 = -i*d + 4563. What are the prime factors of d?
3, 251
What are the prime factors of 207895/8 - (-9)/72?
13, 1999
Suppose 41*a = 36*a + 275. Suppose 49*n = a*n - 2322. What are the prime factors of n?
3, 43
Let l = -89 - -89. Suppose -g + 340 = 5*a + 4*g, -2*g = l. List the prime factors of a.
2, 17
Let c(u) = u**3 + 6*u**2 - 4*u - 19. Let p be c(-6). Suppose -p*v = -v - 3*h - 46, 0 = 5*v + 2*h - 69. Let i = 126 + v. What are the prime factors of i?
139
Suppose -245964 = -16*h + 75916 + 70632. List the prime factors of h.
2, 6133
Let d(x) = x**3 + 2*x**2 + 2*x + 3. Suppose 5*u + 26 = 16. Let h be d(u). List the prime factors of 1 + 15 + (-1 - 1/h).
2
Let w(h) = 53205*h**3 + 6*h**2 + 2*h - 8. List the prime factors of w(1).
3, 5, 3547
Suppose -4*f + 0*f - 8 = 0. Let l = -138 - 298. What are the prime factors of f*(l/8 - -2)?
3, 5, 7
Let n(y) = 6*y - 394 + 321 - 109*y. List the prime factors of n(-6).
5, 109
Let o(n) = -1 + 0 + 0 - 1265*n - 3 + 4*n. What are the prime factors of o(-1)?
3, 419
Let b = 440 + -461. What are the prime factors of ((-80)/12 + (-2)/(-6))*b?
7, 19
Suppose 4*p + 4*y = 6*p - 1034, -y = -2*p + 1037. What are the prime factors of p*(-5 - 64/(-12))?
173
Let i = 2117 + -1437. Suppose -a - i = -3*a. What are the prime factors of a?
2, 5, 17
Let l = -34 - -36. Suppose -b = l*m + 1, -2*m + 5*b + 0 + 17 = 0. What are the prime factors of (-2)/(-4 - (-3)/m) - -7?
3
Let k be (-4 - -60)*28/49. List the prime factors of (1*51 - -1)/(k/160).
2, 5, 13
Suppose -49 = 3*f - 67. Suppose f*u - 2467 = 1241. What are the prime factors of u?
2, 3, 103
What are the prime factors of 1416/36*18 + -5?
19, 37
Suppose -3*o + 2*o + 4 = 0, -2*l + 32 = -5*o. Suppose 20*z = 21*z - l. Let i = z + 52. What are the prime factors of i?
2, 3, 13
Let i = 214 - 212. What are the prime factors of (4 - -55)*(6 + i/2)?
7, 59
Let d = -8 - -9. List the prime factors of d/(2/185)*(-16)/(-5).
2, 37
Suppose -j - 40454 + 7624 = -3*i, 5*j - 54710 = -5*i. What are the prime factors of i?
31, 353
Suppose -4*n + 40 = 3*y - 14, -15 = -5*n. Suppose -3667 = -2*c - 9*j + y*j, -3*c - 3*j + 5469 = 0. List the prime factors of c.
2, 11, 83
Let w(g) = -g**2 + 12*g - 43. Let m be w(5). Let j(o) = -o**3 - 2*o**2 - 4*o - 13. List the prime factors of j(m).
13, 31
Suppose 4*j + 0*v - 25 = 5*v, -5*j + 20 = -4*v. Let o = 1921 - 1919. Suppose -3*d - 5*w + 313 = j, 0 = -d - o*d - w + 305. What are the prime factors of d?
101
List the prime factors of (-12)/(-8)*(-8)/3 + 5485.
3, 7, 29
Let z(c) = c**3 - 10*c**2 + 7*c + 14. Let x be z(9). Let p be (x - -3) + -2 - -2*177. List the prime factors of (p/6)/(-4 + (-18)/(-4)).
3, 13
Let x be ((-10)/(-4) - 0)/(15/30). Suppose 3*d + d - 495 = -5*c, -x*d = 5*c - 620. Suppose 68*v = 63*v + d. What are the prime factors of v?
5
Suppose -14*l = -17*l - 15, x = l - 4787. Let d = -3390 - x. List the prime factors of d.
2, 701
Let n(z) = 2*z**3 - 335*z**2 - 458*z + 263. What are the prime factors of n(169)?
2, 3, 89
Let y be -2 + 2*2/(-2) + 118. Suppose 125*w = y*w + 7755. List the prime factors of w.
3, 5, 47
Let p be -3362*(5 + -1)/12*3. Let y = p - -4885. List the prime factors of y.
1523
List the prime factors of (-121 - 27)/((-1)/213).
2, 3, 37, 71
Let j(h) = 2*h**2 - 2*h - 2. Let v be j(2). Let u be ((-3)/6)/(v/(-20)). Suppose t - 2 = 0, u*f - 2*t + 135 - 551 = 0. List the prime factors of f.
2, 3, 7
Let l = -121 + 44. Let i = 305 - l. List the prime factors of i.
2, 191
Let z(p) = -6223*p + 8479. List the prime factors of z(-3).
2, 11, 617
Let l(s) = s**3 + 18*s**2 - 6*s - 18. Let w be l(-19). Let g = 25 - w. What are the prime factors of g?
2, 5, 29
Let w = 4012 +